233?
269, 20602157
List the prime factors of 3102999526.
2, 11, 6563, 21491
What are the prime factors of 88253815?
5, 13, 29, 46819
What are the prime factors of 136907131?
136907131
List the prime factors of 5934350290.
2, 5, 11, 23, 2345593
List the prime factors of 60868698.
2, 3, 11, 53, 17401
What are the prime factors of 474762249?
3, 13, 1352599
List the prime factors of 21347108.
2, 19, 280883
List the prime factors of 1518143763.
3, 506047921
List the prime factors of 312155197.
312155197
List the prime factors of 33930171.
3, 11, 113, 337
List the prime factors of 14432086.
2, 23, 313741
List the prime factors of 1171612342.
2, 241, 2430731
List the prime factors of 43560424.
2, 5445053
List the prime factors of 8221669645.
5, 7, 19, 12363413
List the prime factors of 54482714.
2, 11, 13, 197, 967
What are the prime factors of 252966934?
2, 11, 139, 82723
What are the prime factors of 37223014?
2, 19, 979553
What are the prime factors of 25583515?
5, 127, 40289
What are the prime factors of 394879295?
5, 23, 1409, 2437
List the prime factors of 1072382115.
3, 5, 7, 521, 19603
What are the prime factors of 236063425?
5, 13, 59, 947
What are the prime factors of 1143974855?
5, 1787, 128033
What are the prime factors of 6438721859?
2017, 3192227
List the prime factors of 6613953483.
3, 38653, 57037
What are the prime factors of 38846304?
2, 3, 7, 2141
List the prime factors of 546317646.
2, 3, 7, 163, 79801
What are the prime factors of 23786356?
2, 11, 540599
What are the prime factors of 419509679?
29, 14465851
What are the prime factors of 14180427?
3, 175067
List the prime factors of 8152522.
2, 7, 41, 2029
What are the prime factors of 43194532?
2, 31, 43, 8101
List the prime factors of 149659701.
3, 49886567
List the prime factors of 1107813824.
2, 13, 193, 6899
What are the prime factors of 169916389?
5557, 30577
List the prime factors of 211175675.
5, 167, 50581
What are the prime factors of 80327890?
2, 5, 17, 131, 3607
List the prime factors of 1262700313.
7, 17, 97, 109391
What are the prime factors of 3402178851?
3, 1583, 716399
What are the prime factors of 113266162?
2, 677, 83653
What are the prime factors of 39965346?
2, 3, 740099
What are the prime factors of 38036452?
2, 433, 21961
List the prime factors of 44438266.
2, 29, 766177
List the prime factors of 547099995.
3, 5, 13, 193, 14537
List the prime factors of 1244651550.
2, 3, 5, 31, 267667
List the prime factors of 177495034.
2, 373, 237929
What are the prime factors of 79249553?
61, 1299173
What are the prime factors of 2112215778?
2, 3, 41, 71, 1493
List the prime factors of 521233947.
3, 13, 277, 1787
List the prime factors of 512382446.
2, 31, 8264233
What are the prime factors of 306591139?
37, 103, 80449
List the prime factors of 3348868456.
2, 418608557
What are the prime factors of 31667169?
3, 479, 22037
List the prime factors of 1264341337.
7, 853, 211747
What are the prime factors of 2827412575?
5, 13, 8699731
What are the prime factors of 1664744001?
3, 554914667
What are the prime factors of 2007412240?
2, 5, 419, 59887
What are the prime factors of 44931838?
2, 7, 37, 127, 683
What are the prime factors of 54629924?
2, 67, 203843
What are the prime factors of 21833029?
107, 204047
What are the prime factors of 42333652?
2, 47, 83, 2713
What are the prime factors of 582411494?
2, 7, 41600821
List the prime factors of 377045183.
377045183
List the prime factors of 577517103.
3, 19, 41, 82373
What are the prime factors of 1720392710?
2, 5, 439, 391889
List the prime factors of 2656648642.
2, 27107, 49003
List the prime factors of 71300827.
13, 71, 77249
List the prime factors of 210573610.
2, 5, 13, 73, 22189
What are the prime factors of 177650204?
2, 17, 2612503
List the prime factors of 2619801792.
2, 3, 79, 6397
List the prime factors of 283672284.
2, 3, 7, 3377051
What are the prime factors of 693231364?
2, 7, 139, 178117
List the prime factors of 125895357.
3, 7, 43, 2213
List the prime factors of 5528041.
5528041
List the prime factors of 651423373.
651423373
What are the prime factors of 5327603904?
2, 3, 7, 3963991
List the prime factors of 281648401.
17, 16567553
List the prime factors of 941280409.
359, 2621951
List the prime factors of 1820541516.
2, 3, 6581, 23053
List the prime factors of 21552219.
3, 13, 23, 8009
List the prime factors of 76217455.
5, 19, 241, 3329
What are the prime factors of 1675388175?
3, 5, 19, 1175711
What are the prime factors of 21961430?
2, 5, 2196143
List the prime factors of 117767529.
3, 11, 19, 137, 457
What are the prime factors of 841791703?
17, 431, 114889
What are the prime factors of 2187771251?
2187771251
List the prime factors of 2513461285.
5, 257, 1956001
What are the prime factors of 2597724503?
11, 29, 8143337
List the prime factors of 667348942.
2, 13, 97, 107, 2473
What are the prime factors of 41894880?
2, 3, 5, 87281
What are the prime factors of 631567499?
419, 1507321
What are the prime factors of 521216160?
2, 3, 5, 1085867
What are the prime factors of 156510474?
2, 3, 157, 166147
What are the prime factors of 315794331?
3, 35088259
List the prime factors of 259350739.
259350739
What are the prime factors of 604968129?
3, 53, 422759
List the prime factors of 1358923158.
2, 3, 75495731
What are the prime factors of 676912088?
2, 19, 953, 4673
What are the prime factors of 623337580?
2, 5, 31166879
What are the prime factors of 455054966?
2, 2897, 78539
List the prime factors of 3144279.
3, 79, 13267
List the prime factors of 1789614370.
2, 5, 19, 9419023
List the prime factors of 1567964659.
3863, 405893
List the prime factors of 73035261.
3, 13, 624233
List the prime factors of 897849364.
2, 443, 506687
List the prime factors of 172046561.
71, 2423191
List the prime factors of 548489269.
67, 8186407
List the prime factors of 310976047.
683, 455309
What are the prime factors of 2148217422?
2, 3, 13, 27541249
What are the prime factors of 392377064?
2, 43, 263, 4337
List the prime factors of 3639894465.
3, 5, 242659631
List the prime factors of 1853426067.
3, 461, 1340149
List the prime factors of 2432096047.
61, 67, 595081
List the prime factors of 271636794.
2, 3, 11, 13, 29, 1213
List the prime factors of 2792234.
2, 59, 23663
What are the prime factors of 229781724?
2, 3, 17, 1126381
List the prime factors of 520154927.
107, 4861261
List the prime factors of 48075255.
3, 5, 356113
What are the prime factors of 468194059?
17, 1433, 19219
List the prime factors of 539061010.
2, 5, 97, 383, 1451
What are the prime factors of 201917476?
2, 631, 79999
List the prime factors of 212574935.
5, 59, 61, 11813
List the prime factors of 312155575.
5, 2879, 4337
What are the prime factors of 176246252?
2, 7, 13, 484193
List the prime factors of 39381432.
2, 3, 89, 103, 179
List the prime factors of 3918706708.
2, 7, 139953811
List the prime factors of 330007875.
3, 5, 880021
List the prime factors of 1399933.
17, 82349
List the prime factors of 140565216.
2, 3, 11, 12101
List the prime factors of 12999828.
2, 3, 1083319
List the prime factors of 550707228.
2, 3, 5099141
List the prime factors of 85767963.
3, 28589321
List the prime factors of 54654761.
7, 7807823
What are the prime factors of 1398782601?
3, 1918769
What are the prime factors of 49409331?
3, 733, 22469
List the prime factors of 34111603.
2069, 16487
What are the prime factors of 4867070677?
7, 99327973
What are the prime factors of 4543554?
2, 3, 757259
What are the prime factors of 515291294?
2, 7, 101, 373, 977
List the prime factors of 32114351.
19, 1690229
What are the prime factors of 4066748406?
2, 3, 7, 53, 608977
List the prime factors of 44937860.
2, 5, 11, 23, 83, 107
List the prime factors of 1181537453.
83, 14235391
List the prime factors of 4715986706.
2, 41, 57512033
List the prime factors of 33943695.
3, 5, 41, 97, 569
List the prime factors of 3517458473.
53, 66367141
What are the prime factors of 1107911362?
2, 3023, 183247
List the prime factors of 114106693.
2473, 46141
What are the prime factors of 616944120?
2, 3, 5, 13, 59, 6703
List the prime factors of 1445915964.
2, 3, 73, 1650589
List the prime factors of 146134353.
3, 223, 218437
List the prime factors of 8218081.
41, 227, 883
List the prime factors of 